rue
Is 2744148 a multiple of 22?
True
Does 10 divide 11863?
False
Does 234 divide 2570?
False
Is 7686 a multiple of 21?
True
Is 293 a factor of 3625019?
False
Does 78 divide 8117070?
True
Is 4858940 a multiple of 527?
True
Does 108 divide 315880?
False
Does 156 divide 1574352?
True
Does 129 divide 23746?
False
Is 3738233 a multiple of 122?
False
Does 32 divide 13007065?
False
Is 450460 a multiple of 308?
False
Is 55 a factor of 39275?
False
Does 2 divide 2315815?
False
Is 13 a factor of 434226?
True
Is 11 a factor of 74700?
False
Is 123 a factor of 90189?
False
Is 10 a factor of 3764915?
False
Is 6158965 a multiple of 39?
False
Does 9 divide 2531925?
True
Is 2697495 a multiple of 23?
False
Is 186218 a multiple of 17?
True
Is 5 a factor of 711165?
True
Is 101 a factor of 15496?
False
Does 88 divide 200172?
False
Is 134361 a multiple of 10?
False
Is 8095688 a multiple of 740?
False
Does 116 divide 110432?
True
Is 3009510 a multiple of 21?
True
Is 728810 a multiple of 13?
False
Does 12 divide 554330?
False
Does 251 divide 463597?
True
Is 144 a factor of 334337?
False
Is 100035 a multiple of 81?
True
Does 206 divide 194214?
False
Is 6 a factor of 80479?
False
Is 16 a factor of 21120?
True
Does 116 divide 107068?
True
Is 394744 a multiple of 196?
True
Does 677 divide 705624?
False
Is 105 a factor of 1016278?
False
Does 46 divide 57500?
True
Is 473 a factor of 194876?
True
Is 94837 a multiple of 15?
False
Is 2179332 a multiple of 51?
True
Is 2584096 a multiple of 11?
False
Does 88 divide 3016470?
False
Is 19 a factor of 11327?
False
Is 1097880 a multiple of 20?
True
Does 6 divide 111444?
True
Is 14 a factor of 8185030?
True
Is 19956 a multiple of 4?
True
Does 204 divide 326196?
True
Is 35 a factor of 874632?
False
Is 884661 a multiple of 35?
False
Is 36 a factor of 1090098?
False
Is 560209 a multiple of 22?
False
Does 5 divide 220945?
True
Is 32 a factor of 377708?
False
Is 5 a factor of 3186689?
False
Does 15 divide 89436?
False
Does 12 divide 4571484?
True
Does 118 divide 22708?
False
Is 5940760 a multiple of 1329?
False
Is 234234 a multiple of 231?
True
Does 37 divide 3676653?
True
Does 16 divide 58016?
True
Is 99177 a multiple of 5?
False
Does 22 divide 43274?
True
Is 15 a factor of 1495278?
False
Is 25 a factor of 438225?
True
Does 13 divide 4136?
False
Does 78 divide 5141776?
False
Is 45546 a multiple of 26?
False
Is 4 a factor of 218050?
False
Does 10 divide 6978944?
False
Is 6 a factor of 2557965?
False
Is 28 a factor of 5756016?
True
Does 5 divide 22220?
True
Is 83888 a multiple of 9?
False
Is 1505703 a multiple of 3?
True
Is 318 a factor of 15104682?
True
Does 11 divide 19700?
False
Is 21 a factor of 1589973?
True
Is 295 a factor of 7111605?
False
Does 9 divide 311842?
False
Is 4776660 a multiple of 30?
True
Is 172537 a multiple of 329?
False
Is 9492789 a multiple of 31?
True
Is 117465 a multiple of 123?
True
Is 9 a factor of 2466?
True
Is 533360 a multiple of 59?
True
Is 2894751 a multiple of 1003?
False
Is 186 a factor of 901210?
False
Is 394521 a multiple of 180?
False
Does 135 divide 235710?
True
Does 69 divide 101775?
True
Is 143 a factor of 754182?
True
Is 49010 a multiple of 65?
True
Is 51423 a multiple of 68?
False
Is 81 a factor of 1027637?
False
Does 614 divide 927987?
False
Is 20413 a multiple of 9?
False
Is 32 a factor of 379328?
True
Is 3647280 a multiple of 728?
True
Is 29 a factor of 460472?
False
Does 50 divide 1493400?
True
Does 126 divide 1258899?
False
Is 342495 a multiple of 129?
True
Is 1663731 a multiple of 20?
False
Is 17 a factor of 4433838?
True
Does 1090 divide 1113980?
True
Is 485385 a multiple of 231?
False
Does 113 divide 41019?
True
Does 699 divide 787356?
False
Does 58 divide 18618?
True
Is 9 a factor of 23796?
True
Does 107 divide 104432?
True
Is 408827 a multiple of 220?
False
Is 70 a factor of 250110?
True
Is 13 a factor of 296380?
False
Is 12798 even?
True
Is 128223 a multiple of 100?
False
Does 853 divide 4624966?
True
Does 789 divide 950745?
True
Does 8 divide 1787918?
False
Is 67510 a multiple of 215?
True
Does 13 divide 835235?
False
Is 536981 a multiple of 9?
False
Does 69 divide 19472?
False
Is 9 a factor of 1506780?
True
Does 415 divide 120350?
True
Is 29 a factor of 131455?
False
Is 494664 a multiple of 12?
True
Is 184 a factor of 163249?
False
Is 1126941 a multiple of 27?
False
Does 42 divide 1368405?
False
Does 171 divide 46678?
False
Is 264857 even?
False
Is 365259 a multiple of 8?
False
Is 54404 a multiple of 28?
True
Does 12 divide 1262836?
False
Is 95 a factor of 328958?
False
Does 62 divide 1245699?
False
Is 7722652 a multiple of 14?
True
Is 786951 a multiple of 187?
False
Does 6 divide 58338?
True
Is 312285 a multiple of 23?
False
Does 486 divide 2878092?
True
Is 31 a factor of 1148860?
True
Is 7 a factor of 4365730?
False
Is 645692 a multiple of 13?
False
Is 945 a factor of 10392407?
False
Is 28 a factor of 391523?
False
Is 349 a factor of 269482?
False
Is 5031053 a multiple of 19?
False
Is 4908384 a multiple of 828?
True
Is 119 a factor of 882315?
False
Does 104 divide 265638?
False
Is 54 a factor of 12853?
False
Is 2217037 a multiple of 156?
False
Is 467961 a multiple of 13?
True
Does 132 divide 10191060?
True
Is 3161180 a multiple of 779?
False
Does 135 divide 235845?
True
Does 355 divide 2465475?
True
Is 550683 a multiple of 37?
False
Does 925 divide 2127082?
False
Is 1228044 a multiple of 180?
False
Is 238560 a multiple of 24?
True
Does 8 divide 2533920?
True
Is 237 a factor of 13254?
False
Does 370 divide 3235005?
False
Is 325806 a multiple of 78?
True
Does 38 divide 17348672?
True
Is 101430 a multiple of 207?
True
Is 18 a factor of 20066?
False
Is 117286 a multiple of 26?
True
Is 121 a factor of 811063?
True
Is 4 a factor of 25183?
False
Does 13 divide 1427764?
True
Is 1007736 a multiple of 1592?
True
Does 30 divide 773890?
False
Is 6037 a multiple of 3?
False
Is 562663 a multiple of 27?
False
Is 3651120 a multiple of 88?
True
Is 926611 a multiple of 241?
False
Is 186567 a multiple of 6?
False
Is 56 a factor of 779363?
False
Is 26 a factor of 60294?
True
Is 105776 a multiple of 252?
False
Does 1151 divide 20796545?
False
Is 541 a factor of 1646263?
True
Does 41 divide 8861938?
False
Is 683 a factor of 224024?
True
Is 13 a factor of 572131?
False
Is 115 a factor of 1259250?
True
Is 169091 a multiple of 136?
False
Is 587 a factor of 517430?
False
Does 24 divide 2396984?
False
Is 17 a factor of 99671?
True
Is 309120 a multiple of 42?
True
Does 344 divide 520128?
True
Is 60 a factor of 32993?
False
Does 721 divide 4072208?
True
Does 20 divide 1767685?
False
Does 69 divide 2998378?
False
Does 78 divide 24651?
False
Is 1815747 a multiple of 12?
False
Does 11 divide 20052088?
False
Is 4022148 a multiple of 114?
True
Does 8 divide 44992?
True
Is 378910 a multiple of 70?
True
Is 4 a factor of 16122?
False
Does 606 divide 416504?
False
Is 22867 a multiple of 33?
False
Does 25 divide 265400?
True
Is 998 a factor of 7592361?
False
Is 62 a factor of 166141?
False
Does 28 divide 84504?
True
Is 3013417 a multiple of 95?
False
Is 15385 a multiple of 17?
True
Is 5022676 a multiple of 36?
False
Is 15 a factor of 4251735?
True
Is 2245812 a multiple of 474?
True
Is 1683 a factor of 19623060?
False
Does 119 divide 809606?
False
Does 35 divide 18851216?
False
Is 599659 a multiple of 219?
False
Does 794 divide 2237149?
False
Does 15 divide 80010?
True
Is 611556 a multiple of 18?
False
Is 355 a factor of 85729?
False
Does 233 divide 317346?
True
Is 9 a factor of 683343?
True
Does 3 divide 2000502?
True
Is 34568 a multiple of 58?
True
Is 3 a factor of 248672?
False
Is 247572 a multiple of 264?
False
Does 49 divide 66634?
False
Is 10414 a multiple of 85?
False
Does 6 divide 122434?
False
Is 12 a factor of 1438992?
True
Does 86 divide 2183101?
False
Does 3 divide 20076?
True
Is 58 a factor of 273999?
False
Is 254700 a multiple of 18?
True
Is 85 a factor of 62050?
True
Is 1134954 a multiple of 18?
True
Is 45 a factor of 2075326?
False
Does 42 divide 183708?
True
Is 3164087 a multiple of 112?
False
Does 8 divide 23368?
True
Is 102 a factor of 2119968?
True
Does 18 divide 50868?
True
Is 20100 a multiple of 5?
True
Does 615 divide 1783500?
True
Is 1048660 a multiple of 371?
False
Does 79 divide 419205?
Fals